59205 composite?
True
Is 1850249 a prime number?
False
Is 1528103 prime?
True
Is 5856226 prime?
False
Is 10150871 a prime number?
True
Is 1707253 a composite number?
False
Is 6539513 composite?
False
Is 1564457 composite?
False
Is 1323001 a composite number?
False
Is 17577017 composite?
False
Is 356066387 prime?
True
Is 2389213 prime?
True
Is 1137067 prime?
True
Is 362936549 prime?
True
Is 2826667 composite?
False
Is 879680701 prime?
False
Is 1073773 composite?
False
Is 75165401 a composite number?
False
Is 12104257 a prime number?
False
Is 973779 prime?
False
Is 9488209 composite?
True
Is 16234709 composite?
False
Is 1567373 composite?
False
Is 5090869 a prime number?
False
Is 21759159 a composite number?
True
Is 252693979 prime?
False
Is 47382187 composite?
False
Is 539429911 prime?
False
Is 44626123 a composite number?
False
Is 198268453 prime?
True
Is 12457147 a composite number?
True
Is 231471403 composite?
False
Is 2100599 prime?
False
Is 943127 a composite number?
False
Is 71404349 a composite number?
False
Is 3758263 a composite number?
False
Is 1054601 composite?
True
Is 12016462 a composite number?
True
Is 10857491 a composite number?
False
Is 40735489 a composite number?
False
Is 67268489 a composite number?
False
Is 1228438 composite?
True
Is 448057 prime?
True
Is 80564527 a composite number?
True
Is 142776073 prime?
False
Is 39838951 a composite number?
True
Is 51990077 prime?
True
Is 19034429 prime?
False
Is 521981 a prime number?
True
Is 11827547 composite?
False
Is 341261 a prime number?
False
Is 4997611 a composite number?
False
Is 8163737 a composite number?
False
Is 9002573 prime?
False
Is 24455987 prime?
True
Is 6196727 a prime number?
True
Is 5373211 a composite number?
False
Is 1195301711 a composite number?
False
Is 905983 a composite number?
True
Is 29851091 a composite number?
False
Is 6825037 a composite number?
False
Is 943597 a composite number?
True
Is 589033 a prime number?
False
Is 70314617 a composite number?
False
Is 10867579 composite?
False
Is 402724723 prime?
True
Is 19495709 composite?
False
Is 205267 a composite number?
False
Is 886663 prime?
True
Is 124151617 prime?
False
Is 39680765 a composite number?
True
Is 1934729 a composite number?
False
Is 4295321 prime?
True
Is 684810683 composite?
False
Is 138692297 a prime number?
False
Is 8104471 a prime number?
False
Is 8192341 composite?
False
Is 7257707 a prime number?
True
Is 1965167 prime?
True
Is 412094041 a composite number?
True
Is 370189 prime?
False
Is 1757663 a composite number?
False
Is 2320039 composite?
False
Is 263866 a composite number?
True
Is 1175981 a composite number?
False
Is 31971811 a prime number?
False
Is 20419327 a composite number?
True
Is 29764703 prime?
False
Is 8959063 composite?
False
Is 242520773 composite?
True
Is 296207889 a prime number?
False
Is 103101671 a composite number?
False
Is 151543927 prime?
True
Is 15180827 composite?
False
Is 815273815 composite?
True
Is 451859 a prime number?
True
Is 92103901 prime?
True
Is 111954911 prime?
False
Is 1957621 prime?
True
Is 13244771 a composite number?
True
Is 5364107 a prime number?
False
Is 42254791 a prime number?
True
Is 358571 composite?
False
Is 9057445 prime?
False
Is 26726881 composite?
False
Is 3291137 a composite number?
False
Is 1958351 prime?
True
Is 658633 composite?
False
Is 199083923 composite?
True
Is 522692179 prime?
True
Is 45129481 composite?
True
Is 1182581 prime?
True
Is 26175203 a prime number?
False
Is 412870049 a composite number?
True
Is 815115659 a prime number?
False
Is 929107 composite?
True
Is 10562107 a composite number?
False
Is 40842707 a composite number?
False
Is 3743269 a prime number?
True
Is 17230937 a prime number?
False
Is 12386719 composite?
True
Is 108992071 composite?
False
Is 532891 a composite number?
True
Is 22718933 a prime number?
False
Is 130507733 a composite number?
False
Is 12401 a prime number?
True
Is 875599 composite?
True
Is 3197527 prime?
False
Is 154891577 a prime number?
True
Is 150952723 a composite number?
True
Is 2804653 a prime number?
False
Is 73277 prime?
True
Is 63381221 composite?
True
Is 291415261 a composite number?
False
Is 34642021 a prime number?
True
Is 2649147 composite?
True
Is 53391554 a composite number?
True
Is 7778389 a composite number?
False
Is 526136631 a composite number?
True
Is 395551 prime?
False
Is 2620493 a composite number?
False
Is 285377933 a composite number?
False
Is 15820361 a composite number?
True
Is 13077287 a composite number?
False
Is 191974009 a composite number?
False
Is 396833 a composite number?
False
Is 892442 composite?
True
Is 6393181 a prime number?
False
Is 39850753 a composite number?
True
Is 1388227 prime?
True
Is 293338633 composite?
True
Is 6261307 prime?
False
Is 3356351 a prime number?
False
Is 23326721 a composite number?
True
Is 14930677 prime?
False
Is 6952013 prime?
True
Is 40468639 prime?
False
Is 9382601 prime?
True
Is 5122259 prime?
True
Is 22217 composite?
True
Is 724387 a prime number?
False
Is 5078119 composite?
False
Is 2020861 a composite number?
False
Is 11600617 a prime number?
False
Is 1888449 a composite number?
True
Is 2200187 composite?
True
Is 443046667 a prime number?
False
Is 14442635 a prime number?
False
Is 15031873 a prime number?
True
Is 108870439 a prime number?
False
Is 3099377 prime?
False
Is 333772319 a prime number?
False
Is 7416883 a prime number?
False
Is 36001663 prime?
True
Is 332039 a prime number?
True
Is 26556287 composite?
False
Is 10266869 prime?
True
Is 190207 prime?
True
Is 84210991 composite?
False
Is 155224103 a composite number?
True
Is 113365687 a composite number?
False
Is 34481963 prime?
True
Is 8209 a prime number?
True
Is 377930633 composite?
False
Is 179928179 a prime number?
False
Is 1093979 a prime number?
False
Is 277159 prime?
False
Is 235532347 composite?
True
Is 14725663 prime?
True
Is 36929753 prime?
False
Is 4692733 composite?
False
Is 2551463 a composite number?
True
Is 1096305319 prime?
False
Is 12892031 a composite number?
True
Is 11862253 composite?
True
Is 5249623 a composite number?
True
Is 2166917 prime?
True
Is 54480311 a composite number?
True
Is 293010563 composite?
False
Is 3478367 a composite number?
False
Is 31931221 a prime number?
False
Is 713991 prime?
False
Is 620613919 a composite number?
False
Is 4349147 a composite number?
True
Is 95527093 prime?
True
Is 46447717 a prime number?
True
Is 79455577 composite?
False
Is 24378037 a prime number?
True
Is 295875833 a prime number?
False
Is 2384099 prime?
False
Is 41505169 a prime number?
True
Is 23029991 prime?
True
Is 24470029 a composite number?
False
Is 149907149 a composite number?
True
Is 1535727 composite?
True
Is 604171 a prime number?
True
Is 410147 composite?
True
Is 235453 a composite number?
True
Is 103549 a composite number?
False
Is 56886877 composite?
True
Is 31879619 a prime number?
False
Is 17359877 composite?
True
Is 898649 a prime number?
False
Is 3721673 a prime number?
True
Is 10994743 a composite number?
True
Is 9047161 a prime number?
True
Is 26333213 a composite number?
False
Is 6797503 a prime number?
True
Is 1137671 composite?
True
Is 742308799 a prime number?
True
Is 24389327 composite?
True
Is 35228257 composite?
False
Is 72613 prime?
True
Is 17267821 a prime number?
True
Is 411140809 a composite number?
True
Is 6247309 a composite number?
False
Is 51132163 a composite number?
False
Is 153756409 a composite number?
False
Is 147263929 prime?
True
Is 715727 a prime number?
True
Is 3136747 prime?
False
Is 377250319 a prime number?
False
Is 33465041 composite?
True
Is 10031371 prime?
False
Is 40034707 a prime number?
True
Is 4333193 a prime number?
True
Is 399728033 a composite number?
False
Is 82162481 a prime number?
False
Is 160013 prime?
False
Is 5602651 a composite number?
True
Is 30420209 prime?
True
Is 163113473 composite?
False
Is 689713 composite?
False
Is 2238703 a prime number?
True
Is 502841 a prime number?
True
Is 1661549 a composite number?
False
Is 5131011 a prime number?
False
Is 4668987 prime?
False
Is 49919 prime?
True
Is 46563751 a prime number?
False
Is 43379821 a prime number?
True
Is 66834037 a composite number?
False
Is 4411447 prime?
True
Is 10622923 a prime number?
True
Is 15129613 prime?
True
Is 162